{"id":2519,"date":"2022-01-18T18:32:38","date_gmt":"2022-01-18T17:32:38","guid":{"rendered":"http:\/\/doris-heindl.de\/?page_id=2519"},"modified":"2025-02-02T18:59:53","modified_gmt":"2025-02-02T17:59:53","slug":"aktuelle-produkte","status":"publish","type":"page","link":"https:\/\/doris-heindl.de\/?page_id=2519","title":{"rendered":"Aktuelles"},"content":{"rendered":"\t\t<div data-elementor-type=\"wp-page\" data-elementor-id=\"2519\" class=\"elementor elementor-2519\">\n\t\t\t\t\t\t<section class=\"elementor-section elementor-top-section elementor-element elementor-element-1e5908c elementor-section-boxed elementor-section-height-default elementor-section-height-default\" data-id=\"1e5908c\" data-element_type=\"section\" data-settings=\"{&quot;background_background&quot;:&quot;classic&quot;}\">\n\t\t\t\t\t\t<div class=\"elementor-container elementor-column-gap-default\">\n\t\t\t\t\t<div class=\"elementor-column elementor-col-50 elementor-top-column elementor-element elementor-element-26213f0\" data-id=\"26213f0\" data-element_type=\"column\">\n\t\t\t<div class=\"elementor-widget-wrap elementor-element-populated\">\n\t\t\t\t\t\t<div class=\"elementor-element elementor-element-b82be56 elementor-widget elementor-widget-heading\" data-id=\"b82be56\" data-element_type=\"widget\" data-widget_type=\"heading.default\">\n\t\t\t\t<div class=\"elementor-widget-container\">\n\t\t\t<h2 class=\"elementor-heading-title elementor-size-default\">...mal Glas anders...<\/h2>\t\t<\/div>\n\t\t\t\t<\/div>\n\t\t\t\t\t<\/div>\n\t\t<\/div>\n\t\t\t\t<div class=\"elementor-column elementor-col-50 elementor-top-column elementor-element elementor-element-2982a05\" data-id=\"2982a05\" data-element_type=\"column\">\n\t\t\t<div class=\"elementor-widget-wrap elementor-element-populated\">\n\t\t\t\t\t\t<div class=\"elementor-element elementor-element-428b713 elementor-widget elementor-widget-text-editor\" data-id=\"428b713\" data-element_type=\"widget\" data-widget_type=\"text-editor.default\">\n\t\t\t\t<div class=\"elementor-widget-container\">\n\t\t\t\t\t\t\t<p>Hier stelle ich euch meine aktuellen Produkte vor.<\/p><p>Habt ihr Interesse? Dann st\u00f6bert entweder auf meinem Etsy-Shop oder meldet euch bei mir. Es sind nicht immer alle Podukte auf meinem Shop und bei mir vor Ort findet ihr auch noch viel mehr.<\/p>\t\t\t\t\t\t<\/div>\n\t\t\t\t<\/div>\n\t\t\t\t\t<\/div>\n\t\t<\/div>\n\t\t\t\t\t<\/div>\n\t\t<\/section>\n\t\t\t\t<section class=\"elementor-section elementor-top-section elementor-element elementor-element-e8053af elementor-section-boxed elementor-section-height-default elementor-section-height-default\" data-id=\"e8053af\" data-element_type=\"section\" data-settings=\"{&quot;background_background&quot;:&quot;classic&quot;}\">\n\t\t\t\t\t\t<div class=\"elementor-container elementor-column-gap-default\">\n\t\t\t\t\t<div class=\"elementor-column elementor-col-33 elementor-top-column elementor-element elementor-element-2baf192\" data-id=\"2baf192\" data-element_type=\"column\">\n\t\t\t<div class=\"elementor-widget-wrap elementor-element-populated\">\n\t\t\t\t\t\t<div class=\"elementor-element elementor-element-148121a elementor-widget elementor-widget-heading\" data-id=\"148121a\" data-element_type=\"widget\" data-widget_type=\"heading.default\">\n\t\t\t\t<div class=\"elementor-widget-container\">\n\t\t\t<h2 class=\"elementor-heading-title elementor-size-default\">Winterfest 2024<\/h2>\t\t<\/div>\n\t\t\t\t<\/div>\n\t\t\t\t\t<\/div>\n\t\t<\/div>\n\t\t\t\t<div class=\"elementor-column elementor-col-33 elementor-top-column elementor-element elementor-element-5900030\" data-id=\"5900030\" data-element_type=\"column\">\n\t\t\t<div class=\"elementor-widget-wrap\">\n\t\t\t\t\t\t\t<\/div>\n\t\t<\/div>\n\t\t\t\t<div class=\"elementor-column elementor-col-33 elementor-top-column elementor-element elementor-element-7e3958c\" data-id=\"7e3958c\" data-element_type=\"column\">\n\t\t\t<div class=\"elementor-widget-wrap\">\n\t\t\t\t\t\t\t<\/div>\n\t\t<\/div>\n\t\t\t\t\t<\/div>\n\t\t<\/section>\n\t\t\t\t<section class=\"elementor-section elementor-top-section elementor-element elementor-element-75ebcca elementor-section-boxed elementor-section-height-default elementor-section-height-default\" data-id=\"75ebcca\" data-element_type=\"section\" data-settings=\"{&quot;background_background&quot;:&quot;classic&quot;}\">\n\t\t\t\t\t\t<div class=\"elementor-container elementor-column-gap-default\">\n\t\t\t\t\t<div class=\"elementor-column elementor-col-33 elementor-top-column elementor-element elementor-element-2b6673c\" data-id=\"2b6673c\" data-element_type=\"column\">\n\t\t\t<div class=\"elementor-widget-wrap elementor-element-populated\">\n\t\t\t\t\t\t<div class=\"elementor-element elementor-element-5e2e160 elementor-widget elementor-widget-image\" data-id=\"5e2e160\" data-element_type=\"widget\" data-widget_type=\"image.default\">\n\t\t\t\t<div class=\"elementor-widget-container\">\n\t\t\t\t\t\t\t\t\t\t\t\t\t<img fetchpriority=\"high\" decoding=\"async\" width=\"768\" height=\"1024\" src=\"https:\/\/doris-heindl.de\/wp-content\/uploads\/2025\/02\/20241218_090946-768x1024.jpg\" class=\"attachment-large size-large wp-image-2781\" alt=\"\" srcset=\"https:\/\/doris-heindl.de\/wp-content\/uploads\/2025\/02\/20241218_090946-768x1024.jpg 768w, https:\/\/doris-heindl.de\/wp-content\/uploads\/2025\/02\/20241218_090946-225x300.jpg 225w, https:\/\/doris-heindl.de\/wp-content\/uploads\/2025\/02\/20241218_090946-1152x1536.jpg 1152w, https:\/\/doris-heindl.de\/wp-content\/uploads\/2025\/02\/20241218_090946-1536x2048.jpg 1536w, https:\/\/doris-heindl.de\/wp-content\/uploads\/2025\/02\/20241218_090946-scaled.jpg 1920w\" sizes=\"(max-width: 768px) 100vw, 768px\" \/>\t\t\t\t\t\t\t\t\t\t\t\t\t<\/div>\n\t\t\t\t<\/div>\n\t\t\t\t\t<\/div>\n\t\t<\/div>\n\t\t\t\t<div class=\"elementor-column elementor-col-33 elementor-top-column elementor-element elementor-element-0d7d26b\" data-id=\"0d7d26b\" data-element_type=\"column\">\n\t\t\t<div class=\"elementor-widget-wrap elementor-element-populated\">\n\t\t\t\t\t\t<div class=\"elementor-element elementor-element-09d85b3 elementor-widget__width-initial elementor-widget elementor-widget-text-editor\" data-id=\"09d85b3\" data-element_type=\"widget\" data-widget_type=\"text-editor.default\">\n\t\t\t\t<div class=\"elementor-widget-container\">\n\t\t\t\t\t\t\t<p>Am 28.12.2024 fand unser 2. Winterfest statt. Es war wieder ein voller Erfolg. Viele interessierte Menschen, Freunde und Kunden haben uns besucht und sind durch unsere Werkst\u00e4tten gepilgert. Haben sich Lose gekauft bei der Tombola bei Gine Selle und nat\u00fcrlich tolle Objekte gewonnen. In meinem Atelier waren viele kreativ und haben sich in der Glasfusingtechnik ausprobiert. Bei Rainer Metzger konnte man sich seine Ausstellung besichtigen und bei Rudolf Weber, Lisa Preu\u00dfner und Christian Schmid gab es au\u00dfer interessanten Gespr\u00e4chen auch noch unplugged Musik.<\/p>\t\t\t\t\t\t<\/div>\n\t\t\t\t<\/div>\n\t\t\t\t\t<\/div>\n\t\t<\/div>\n\t\t\t\t<div class=\"elementor-column elementor-col-33 elementor-top-column elementor-element elementor-element-e40140e\" data-id=\"e40140e\" data-element_type=\"column\">\n\t\t\t<div class=\"elementor-widget-wrap elementor-element-populated\">\n\t\t\t\t\t\t<div class=\"elementor-element elementor-element-4e4d350 elementor-widget elementor-widget-image\" data-id=\"4e4d350\" data-element_type=\"widget\" data-widget_type=\"image.default\">\n\t\t\t\t<div class=\"elementor-widget-container\">\n\t\t\t\t\t\t\t\t\t\t\t\t\t<img decoding=\"async\" width=\"1024\" height=\"920\" src=\"https:\/\/doris-heindl.de\/wp-content\/uploads\/2025\/02\/IMG-20250109-WA0001-1-1024x920.jpg\" class=\"attachment-large size-large wp-image-2783\" alt=\"\" srcset=\"https:\/\/doris-heindl.de\/wp-content\/uploads\/2025\/02\/IMG-20250109-WA0001-1-1024x920.jpg 1024w, https:\/\/doris-heindl.de\/wp-content\/uploads\/2025\/02\/IMG-20250109-WA0001-1-300x270.jpg 300w, https:\/\/doris-heindl.de\/wp-content\/uploads\/2025\/02\/IMG-20250109-WA0001-1-768x690.jpg 768w, https:\/\/doris-heindl.de\/wp-content\/uploads\/2025\/02\/IMG-20250109-WA0001-1-1536x1380.jpg 1536w, https:\/\/doris-heindl.de\/wp-content\/uploads\/2025\/02\/IMG-20250109-WA0001-1.jpg 1599w\" sizes=\"(max-width: 1024px) 100vw, 1024px\" \/>\t\t\t\t\t\t\t\t\t\t\t\t\t<\/div>\n\t\t\t\t<\/div>\n\t\t\t\t\t<\/div>\n\t\t<\/div>\n\t\t\t\t\t<\/div>\n\t\t<\/section>\n\t\t\t\t<section class=\"elementor-section elementor-top-section elementor-element elementor-element-0f7b63b elementor-section-boxed elementor-section-height-default elementor-section-height-default\" data-id=\"0f7b63b\" data-element_type=\"section\" data-settings=\"{&quot;background_background&quot;:&quot;classic&quot;}\">\n\t\t\t\t\t\t<div class=\"elementor-container elementor-column-gap-default\">\n\t\t\t\t\t<div class=\"elementor-column elementor-col-100 elementor-top-column elementor-element elementor-element-04ac2ff\" data-id=\"04ac2ff\" data-element_type=\"column\">\n\t\t\t<div class=\"elementor-widget-wrap elementor-element-populated\">\n\t\t\t\t\t\t<section class=\"elementor-section elementor-inner-section elementor-element elementor-element-4bb0a0b elementor-section-boxed elementor-section-height-default elementor-section-height-default\" data-id=\"4bb0a0b\" data-element_type=\"section\">\n\t\t\t\t\t\t<div class=\"elementor-container elementor-column-gap-default\">\n\t\t\t\t\t<div class=\"elementor-column elementor-col-100 elementor-inner-column elementor-element elementor-element-445f587\" data-id=\"445f587\" data-element_type=\"column\">\n\t\t\t<div class=\"elementor-widget-wrap\">\n\t\t\t\t\t\t\t<\/div>\n\t\t<\/div>\n\t\t\t\t\t<\/div>\n\t\t<\/section>\n\t\t\t\t\t<\/div>\n\t\t<\/div>\n\t\t\t\t\t<\/div>\n\t\t<\/section>\n\t\t\t\t<section class=\"elementor-section elementor-top-section elementor-element elementor-element-0a4e780 elementor-section-boxed elementor-section-height-default elementor-section-height-default\" data-id=\"0a4e780\" data-element_type=\"section\" data-settings=\"{&quot;background_background&quot;:&quot;classic&quot;}\">\n\t\t\t\t\t\t<div class=\"elementor-container elementor-column-gap-default\">\n\t\t\t\t\t<div class=\"elementor-column elementor-col-100 elementor-top-column elementor-element elementor-element-75626c9\" data-id=\"75626c9\" data-element_type=\"column\">\n\t\t\t<div class=\"elementor-widget-wrap elementor-element-populated\">\n\t\t\t\t\t\t<section class=\"elementor-section elementor-inner-section elementor-element elementor-element-9a920d2 elementor-section-boxed elementor-section-height-default elementor-section-height-default\" data-id=\"9a920d2\" data-element_type=\"section\">\n\t\t\t\t\t\t<div class=\"elementor-container elementor-column-gap-default\">\n\t\t\t\t\t<div class=\"elementor-column elementor-col-100 elementor-inner-column elementor-element elementor-element-c59bde4\" data-id=\"c59bde4\" data-element_type=\"column\">\n\t\t\t<div class=\"elementor-widget-wrap\">\n\t\t\t\t\t\t\t<\/div>\n\t\t<\/div>\n\t\t\t\t\t<\/div>\n\t\t<\/section>\n\t\t\t\t\t<\/div>\n\t\t<\/div>\n\t\t\t\t\t<\/div>\n\t\t<\/section>\n\t\t\t\t<section class=\"elementor-section elementor-top-section elementor-element elementor-element-430c04c elementor-section-boxed elementor-section-height-default elementor-section-height-default\" data-id=\"430c04c\" data-element_type=\"section\" data-settings=\"{&quot;background_background&quot;:&quot;classic&quot;}\">\n\t\t\t\t\t\t<div class=\"elementor-container elementor-column-gap-default\">\n\t\t\t\t\t<div class=\"elementor-column elementor-col-25 elementor-top-column elementor-element elementor-element-adfe0a0\" data-id=\"adfe0a0\" data-element_type=\"column\">\n\t\t\t<div class=\"elementor-widget-wrap elementor-element-populated\">\n\t\t\t\t\t\t<section class=\"elementor-section elementor-inner-section elementor-element elementor-element-83f1ff7 elementor-section-boxed elementor-section-height-default elementor-section-height-default\" data-id=\"83f1ff7\" data-element_type=\"section\">\n\t\t\t\t\t\t<div class=\"elementor-container elementor-column-gap-default\">\n\t\t\t\t\t<div class=\"elementor-column elementor-col-100 elementor-inner-column elementor-element elementor-element-8dd3c2b\" data-id=\"8dd3c2b\" data-element_type=\"column\">\n\t\t\t<div class=\"elementor-widget-wrap elementor-element-populated\">\n\t\t\t\t\t\t<div class=\"elementor-element elementor-element-a1b72de elementor-widget elementor-widget-text-editor\" data-id=\"a1b72de\" data-element_type=\"widget\" data-widget_type=\"text-editor.default\">\n\t\t\t\t<div class=\"elementor-widget-container\">\n\t\t\t\t\t\t\t<p>Herbst 2023<\/p>\t\t\t\t\t\t<\/div>\n\t\t\t\t<\/div>\n\t\t\t\t\t<\/div>\n\t\t<\/div>\n\t\t\t\t\t<\/div>\n\t\t<\/section>\n\t\t\t\t<div class=\"elementor-element elementor-element-c4f4f05 elementor-widget elementor-widget-image\" data-id=\"c4f4f05\" data-element_type=\"widget\" data-widget_type=\"image.default\">\n\t\t\t\t<div class=\"elementor-widget-container\">\n\t\t\t\t\t\t\t\t\t\t\t\t\t<img decoding=\"async\" width=\"1024\" height=\"473\" src=\"https:\/\/doris-heindl.de\/wp-content\/uploads\/2023\/11\/20231105_102230-1024x473.jpg\" class=\"attachment-large size-large wp-image-2633\" alt=\"\" srcset=\"https:\/\/doris-heindl.de\/wp-content\/uploads\/2023\/11\/20231105_102230-1024x473.jpg 1024w, https:\/\/doris-heindl.de\/wp-content\/uploads\/2023\/11\/20231105_102230-300x139.jpg 300w, https:\/\/doris-heindl.de\/wp-content\/uploads\/2023\/11\/20231105_102230-768x355.jpg 768w, https:\/\/doris-heindl.de\/wp-content\/uploads\/2023\/11\/20231105_102230-1536x709.jpg 1536w, https:\/\/doris-heindl.de\/wp-content\/uploads\/2023\/11\/20231105_102230-2048x946.jpg 2048w\" sizes=\"(max-width: 1024px) 100vw, 1024px\" \/>\t\t\t\t\t\t\t\t\t\t\t\t\t<\/div>\n\t\t\t\t<\/div>\n\t\t\t\t<div class=\"elementor-element elementor-element-4f7cc04 elementor-widget elementor-widget-image\" data-id=\"4f7cc04\" data-element_type=\"widget\" data-widget_type=\"image.default\">\n\t\t\t\t<div class=\"elementor-widget-container\">\n\t\t\t\t\t\t\t\t\t\t\t\t\t<img loading=\"lazy\" decoding=\"async\" width=\"1024\" height=\"473\" src=\"https:\/\/doris-heindl.de\/wp-content\/uploads\/2023\/11\/20231105_102351-1024x473.jpg\" class=\"attachment-large size-large wp-image-2629\" alt=\"\" srcset=\"https:\/\/doris-heindl.de\/wp-content\/uploads\/2023\/11\/20231105_102351-1024x473.jpg 1024w, https:\/\/doris-heindl.de\/wp-content\/uploads\/2023\/11\/20231105_102351-300x139.jpg 300w, https:\/\/doris-heindl.de\/wp-content\/uploads\/2023\/11\/20231105_102351-768x355.jpg 768w, https:\/\/doris-heindl.de\/wp-content\/uploads\/2023\/11\/20231105_102351-1536x709.jpg 1536w, https:\/\/doris-heindl.de\/wp-content\/uploads\/2023\/11\/20231105_102351-2048x946.jpg 2048w\" sizes=\"(max-width: 1024px) 100vw, 1024px\" \/>\t\t\t\t\t\t\t\t\t\t\t\t\t<\/div>\n\t\t\t\t<\/div>\n\t\t\t\t\t<\/div>\n\t\t<\/div>\n\t\t\t\t<div class=\"elementor-column elementor-col-25 elementor-top-column elementor-element elementor-element-3c89596\" data-id=\"3c89596\" data-element_type=\"column\">\n\t\t\t<div class=\"elementor-widget-wrap elementor-element-populated\">\n\t\t\t\t\t\t<div class=\"elementor-element elementor-element-26793f4 elementor-widget elementor-widget-image\" data-id=\"26793f4\" data-element_type=\"widget\" data-widget_type=\"image.default\">\n\t\t\t\t<div class=\"elementor-widget-container\">\n\t\t\t\t\t\t\t\t\t\t\t\t\t<img loading=\"lazy\" decoding=\"async\" width=\"1024\" height=\"473\" src=\"https:\/\/doris-heindl.de\/wp-content\/uploads\/2023\/11\/20231031_094922-1024x473.jpg\" class=\"attachment-large size-large wp-image-2624\" alt=\"\" srcset=\"https:\/\/doris-heindl.de\/wp-content\/uploads\/2023\/11\/20231031_094922-1024x473.jpg 1024w, https:\/\/doris-heindl.de\/wp-content\/uploads\/2023\/11\/20231031_094922-300x139.jpg 300w, https:\/\/doris-heindl.de\/wp-content\/uploads\/2023\/11\/20231031_094922-768x355.jpg 768w, https:\/\/doris-heindl.de\/wp-content\/uploads\/2023\/11\/20231031_094922-1536x709.jpg 1536w, https:\/\/doris-heindl.de\/wp-content\/uploads\/2023\/11\/20231031_094922-2048x946.jpg 2048w\" sizes=\"(max-width: 1024px) 100vw, 1024px\" \/>\t\t\t\t\t\t\t\t\t\t\t\t\t<\/div>\n\t\t\t\t<\/div>\n\t\t\t\t<div class=\"elementor-element elementor-element-bf9f8dd elementor-widget elementor-widget-image\" data-id=\"bf9f8dd\" data-element_type=\"widget\" data-widget_type=\"image.default\">\n\t\t\t\t<div class=\"elementor-widget-container\">\n\t\t\t\t\t\t\t\t\t\t\t\t\t<img loading=\"lazy\" decoding=\"async\" width=\"978\" height=\"1024\" src=\"https:\/\/doris-heindl.de\/wp-content\/uploads\/2023\/11\/20231105_101841-scaled-e1699725321546-978x1024.jpg\" class=\"attachment-large size-large wp-image-2627\" alt=\"\" srcset=\"https:\/\/doris-heindl.de\/wp-content\/uploads\/2023\/11\/20231105_101841-scaled-e1699725321546-978x1024.jpg 978w, https:\/\/doris-heindl.de\/wp-content\/uploads\/2023\/11\/20231105_101841-scaled-e1699725321546-286x300.jpg 286w, https:\/\/doris-heindl.de\/wp-content\/uploads\/2023\/11\/20231105_101841-scaled-e1699725321546-768x804.jpg 768w, https:\/\/doris-heindl.de\/wp-content\/uploads\/2023\/11\/20231105_101841-scaled-e1699725321546.jpg 1181w\" sizes=\"(max-width: 978px) 100vw, 978px\" \/>\t\t\t\t\t\t\t\t\t\t\t\t\t<\/div>\n\t\t\t\t<\/div>\n\t\t\t\t\t<\/div>\n\t\t<\/div>\n\t\t\t\t<div class=\"elementor-column elementor-col-25 elementor-top-column elementor-element elementor-element-5d4c8d1\" data-id=\"5d4c8d1\" data-element_type=\"column\">\n\t\t\t<div class=\"elementor-widget-wrap elementor-element-populated\">\n\t\t\t\t\t\t<div class=\"elementor-element elementor-element-a1601a8 elementor-widget elementor-widget-image\" data-id=\"a1601a8\" data-element_type=\"widget\" data-widget_type=\"image.default\">\n\t\t\t\t<div class=\"elementor-widget-container\">\n\t\t\t\t\t\t\t\t\t\t\t\t\t<img loading=\"lazy\" decoding=\"async\" width=\"473\" height=\"1024\" src=\"https:\/\/doris-heindl.de\/wp-content\/uploads\/2023\/11\/20231102_094330-473x1024.jpg\" class=\"attachment-large size-large wp-image-2626\" alt=\"\" srcset=\"https:\/\/doris-heindl.de\/wp-content\/uploads\/2023\/11\/20231102_094330-473x1024.jpg 473w, https:\/\/doris-heindl.de\/wp-content\/uploads\/2023\/11\/20231102_094330-139x300.jpg 139w, https:\/\/doris-heindl.de\/wp-content\/uploads\/2023\/11\/20231102_094330-768x1663.jpg 768w, https:\/\/doris-heindl.de\/wp-content\/uploads\/2023\/11\/20231102_094330-709x1536.jpg 709w, https:\/\/doris-heindl.de\/wp-content\/uploads\/2023\/11\/20231102_094330-946x2048.jpg 946w, https:\/\/doris-heindl.de\/wp-content\/uploads\/2023\/11\/20231102_094330-scaled.jpg 1182w\" sizes=\"(max-width: 473px) 100vw, 473px\" \/>\t\t\t\t\t\t\t\t\t\t\t\t\t<\/div>\n\t\t\t\t<\/div>\n\t\t\t\t\t<\/div>\n\t\t<\/div>\n\t\t\t\t<div class=\"elementor-column elementor-col-25 elementor-top-column elementor-element elementor-element-088fdde\" data-id=\"088fdde\" data-element_type=\"column\">\n\t\t\t<div class=\"elementor-widget-wrap elementor-element-populated\">\n\t\t\t\t\t\t<div class=\"elementor-element elementor-element-7edf11a elementor-widget elementor-widget-image\" data-id=\"7edf11a\" data-element_type=\"widget\" data-widget_type=\"image.default\">\n\t\t\t\t<div class=\"elementor-widget-container\">\n\t\t\t\t\t\t\t\t\t\t\t\t\t<img loading=\"lazy\" decoding=\"async\" width=\"473\" height=\"1024\" src=\"https:\/\/doris-heindl.de\/wp-content\/uploads\/2023\/11\/20231015_173005-473x1024.jpg\" class=\"attachment-large size-large wp-image-2623\" alt=\"\" srcset=\"https:\/\/doris-heindl.de\/wp-content\/uploads\/2023\/11\/20231015_173005-473x1024.jpg 473w, https:\/\/doris-heindl.de\/wp-content\/uploads\/2023\/11\/20231015_173005-139x300.jpg 139w, https:\/\/doris-heindl.de\/wp-content\/uploads\/2023\/11\/20231015_173005-768x1663.jpg 768w, https:\/\/doris-heindl.de\/wp-content\/uploads\/2023\/11\/20231015_173005-709x1536.jpg 709w, https:\/\/doris-heindl.de\/wp-content\/uploads\/2023\/11\/20231015_173005-946x2048.jpg 946w, https:\/\/doris-heindl.de\/wp-content\/uploads\/2023\/11\/20231015_173005-scaled.jpg 1182w\" sizes=\"(max-width: 473px) 100vw, 473px\" \/>\t\t\t\t\t\t\t\t\t\t\t\t\t<\/div>\n\t\t\t\t<\/div>\n\t\t\t\t\t<\/div>\n\t\t<\/div>\n\t\t\t\t\t<\/div>\n\t\t<\/section>\n\t\t\t\t<\/div>\n\t\t","protected":false},"excerpt":{"rendered":"<p>&#8230;mal Glas anders&#8230; Hier stelle ich euch meine aktuellen Produkte vor. Habt ihr Interesse? Dann st\u00f6bert entweder auf meinem Etsy-Shop oder meldet euch bei mir. Es sind nicht immer alle Podukte auf meinem Shop und bei mir vor Ort findet ihr auch noch viel mehr. Winterfest 2024 Am 28.12.2024 fand unser 2. Winterfest statt. Es [&hellip;]<\/p>\n","protected":false},"author":1,"featured_media":0,"parent":0,"menu_order":0,"comment_status":"closed","ping_status":"closed","template":"","meta":{"ngg_post_thumbnail":0,"ocean_post_layout":"full-screen","ocean_both_sidebars_style":"","ocean_both_sidebars_content_width":0,"ocean_both_sidebars_sidebars_width":0,"ocean_sidebar":"0","ocean_second_sidebar":"0","ocean_disable_margins":"enable","ocean_add_body_class":"","ocean_shortcode_before_top_bar":"","ocean_shortcode_after_top_bar":"","ocean_shortcode_before_header":"","ocean_shortcode_after_header":"","ocean_has_shortcode":"","ocean_shortcode_after_title":"","ocean_shortcode_before_footer_widgets":"","ocean_shortcode_after_footer_widgets":"","ocean_shortcode_before_footer_bottom":"","ocean_shortcode_after_footer_bottom":"","ocean_display_top_bar":"default","ocean_display_header":"default","ocean_header_style":"","ocean_center_header_left_menu":"0","ocean_custom_header_template":"0","ocean_custom_logo":0,"ocean_custom_retina_logo":0,"ocean_custom_logo_max_width":0,"ocean_custom_logo_tablet_max_width":0,"ocean_custom_logo_mobile_max_width":0,"ocean_custom_logo_max_height":0,"ocean_custom_logo_tablet_max_height":0,"ocean_custom_logo_mobile_max_height":0,"ocean_header_custom_menu":"0","ocean_menu_typo_font_family":"0","ocean_menu_typo_font_subset":"","ocean_menu_typo_font_size":0,"ocean_menu_typo_font_size_tablet":0,"ocean_menu_typo_font_size_mobile":0,"ocean_menu_typo_font_size_unit":"px","ocean_menu_typo_font_weight":"","ocean_menu_typo_font_weight_tablet":"","ocean_menu_typo_font_weight_mobile":"","ocean_menu_typo_transform":"","ocean_menu_typo_transform_tablet":"","ocean_menu_typo_transform_mobile":"","ocean_menu_typo_line_height":0,"ocean_menu_typo_line_height_tablet":0,"ocean_menu_typo_line_height_mobile":0,"ocean_menu_typo_line_height_unit":"","ocean_menu_typo_spacing":0,"ocean_menu_typo_spacing_tablet":0,"ocean_menu_typo_spacing_mobile":0,"ocean_menu_typo_spacing_unit":"","ocean_menu_link_color":"","ocean_menu_link_color_hover":"","ocean_menu_link_color_active":"","ocean_menu_link_background":"","ocean_menu_link_hover_background":"","ocean_menu_link_active_background":"","ocean_menu_social_links_bg":"","ocean_menu_social_hover_links_bg":"","ocean_menu_social_links_color":"","ocean_menu_social_hover_links_color":"","ocean_disable_title":"default","ocean_disable_heading":"default","ocean_post_title":"","ocean_post_subheading":"","ocean_post_title_style":"","ocean_post_title_background_color":"","ocean_post_title_background":0,"ocean_post_title_bg_image_position":"","ocean_post_title_bg_image_attachment":"","ocean_post_title_bg_image_repeat":"","ocean_post_title_bg_image_size":"","ocean_post_title_height":0,"ocean_post_title_bg_overlay":0.5,"ocean_post_title_bg_overlay_color":"","ocean_disable_breadcrumbs":"default","ocean_breadcrumbs_color":"","ocean_breadcrumbs_separator_color":"","ocean_breadcrumbs_links_color":"","ocean_breadcrumbs_links_hover_color":"","ocean_display_footer_widgets":"default","ocean_display_footer_bottom":"default","ocean_custom_footer_template":"0","footnotes":""},"_links":{"self":[{"href":"https:\/\/doris-heindl.de\/index.php?rest_route=\/wp\/v2\/pages\/2519"}],"collection":[{"href":"https:\/\/doris-heindl.de\/index.php?rest_route=\/wp\/v2\/pages"}],"about":[{"href":"https:\/\/doris-heindl.de\/index.php?rest_route=\/wp\/v2\/types\/page"}],"author":[{"embeddable":true,"href":"https:\/\/doris-heindl.de\/index.php?rest_route=\/wp\/v2\/users\/1"}],"replies":[{"embeddable":true,"href":"https:\/\/doris-heindl.de\/index.php?rest_route=%2Fwp%2Fv2%2Fcomments&post=2519"}],"version-history":[{"count":32,"href":"https:\/\/doris-heindl.de\/index.php?rest_route=\/wp\/v2\/pages\/2519\/revisions"}],"predecessor-version":[{"id":2806,"href":"https:\/\/doris-heindl.de\/index.php?rest_route=\/wp\/v2\/pages\/2519\/revisions\/2806"}],"wp:attachment":[{"href":"https:\/\/doris-heindl.de\/index.php?rest_route=%2Fwp%2Fv2%2Fmedia&parent=2519"}],"curies":[{"name":"wp","href":"https:\/\/api.w.org\/{rel}","templated":true}]}}